{"id":17791,"date":"2023-09-27T09:31:34","date_gmt":"2023-09-27T09:31:34","guid":{"rendered":"https:\/\/muzeum.haus.pl\/?post_type=project&#038;p=17791"},"modified":"2023-09-27T09:31:34","modified_gmt":"2023-09-27T09:31:34","slug":"autorinnen-und-autoren","status":"publish","type":"project","link":"https:\/\/muzeum.haus.pl\/de\/ausstellung\/virtuelle-ausstellung-jesderkusch-oder-die-verzwickte-geschichte-oberschlesiens\/autorinnen-und-autoren\/","title":{"rendered":"Autorinnen und Autoren"},"content":{"rendered":"<div id=\"cmsmasters_row_bkrqerlwx6\" class=\"cmsmasters_row cmsmasters_color_scheme_default cmsmasters_row_top_default cmsmasters_row_bot_default cmsmasters_row_boxed\">\n<div class=\"cmsmasters_row_outer_parent\">\n<div class=\"cmsmasters_row_outer\">\n<div class=\"cmsmasters_row_inner\">\n<div class=\"cmsmasters_row_margin\">\n<div id=\"cmsmasters_column_f4duwgmvn\" class=\"cmsmasters_column one_first\">\n<div class=\"cmsmasters_column_inner\"><div class=\"cmsmasters_text\">\n<p style=\"font-weight: 400;\"><strong>Texte:<\/strong> Monika Rosenbaum<\/p>\n<p style=\"font-weight: 400;\"><strong>Abbildungen:<\/strong> Darya Hancharova<\/p>\n<p style=\"font-weight: 400;\"><strong>\u00dcbersetzung:<\/strong> \u00dcbersetztungsb\u00fcro Groy<\/p>\n<p style=\"font-weight: 400;\"><strong>Redaktion in Polnisch:<\/strong> Magdalena Otlewska, Redakcja bez B\u0142\u0119d\u00f3w<\/p>\n<p style=\"font-weight: 400;\"><strong>Redaktion in Deutsch:<\/strong> Jan Opielka<\/p>\n<\/div>\n<\/div><\/div>\n<\/div>\n<\/div>\n<\/div>\n<\/div>\n<\/div>\n\n","protected":false},"excerpt":{"rendered":"","protected":false},"author":2,"featured_media":0,"parent":17770,"menu_order":71,"template":"","format":"standard","meta":{"_acf_changed":false,"footnotes":""},"class_list":["post-17791","project","type-project","status-publish","format-standard","hentry"],"acf":[],"yoast_head":"<!-- This site is optimized with the Yoast SEO plugin v27.3 - https:\/\/yoast.com\/product\/yoast-seo-wordpress\/ -->\n<title>Autorinnen und Autoren - Muzeum online Domu Wsp\u00f3\u0142pracy Polsko-Niemieckiej<\/title>\n<meta name=\"robots\" content=\"index, follow, max-snippet:-1, max-image-preview:large, max-video-preview:-1\" \/>\n<link rel=\"canonical\" href=\"https:\/\/muzeum.haus.pl\/de\/ausstellung\/virtuelle-ausstellung-jesderkusch-oder-die-verzwickte-geschichte-oberschlesiens\/autorinnen-und-autoren\/\" \/>\n<meta property=\"og:locale\" content=\"de_DE\" \/>\n<meta property=\"og:type\" content=\"article\" \/>\n<meta property=\"og:title\" content=\"Autorinnen und Autoren - Muzeum online Domu Wsp\u00f3\u0142pracy Polsko-Niemieckiej\" \/>\n<meta property=\"og:url\" content=\"https:\/\/muzeum.haus.pl\/de\/ausstellung\/virtuelle-ausstellung-jesderkusch-oder-die-verzwickte-geschichte-oberschlesiens\/autorinnen-und-autoren\/\" \/>\n<meta property=\"og:site_name\" content=\"Muzeum online Domu Wsp\u00f3\u0142pracy Polsko-Niemieckiej\" \/>\n<meta name=\"twitter:card\" content=\"summary_large_image\" \/>\n<meta name=\"twitter:label1\" content=\"Gesch\u00e4tzte Lesezeit\" \/>\n\t<meta name=\"twitter:data1\" content=\"1\u00a0Minute\" \/>\n<script type=\"application\/ld+json\" class=\"yoast-schema-graph\">{\"@context\":\"https:\\\/\\\/schema.org\",\"@graph\":[{\"@type\":\"WebPage\",\"@id\":\"https:\\\/\\\/muzeum.haus.pl\\\/de\\\/ausstellung\\\/virtuelle-ausstellung-jesderkusch-oder-die-verzwickte-geschichte-oberschlesiens\\\/autorinnen-und-autoren\\\/\",\"url\":\"https:\\\/\\\/muzeum.haus.pl\\\/de\\\/ausstellung\\\/virtuelle-ausstellung-jesderkusch-oder-die-verzwickte-geschichte-oberschlesiens\\\/autorinnen-und-autoren\\\/\",\"name\":\"Autorinnen und Autoren - Muzeum online Domu Wsp\u00f3\u0142pracy Polsko-Niemieckiej\",\"isPartOf\":{\"@id\":\"https:\\\/\\\/muzeum.haus.pl\\\/de\\\/#website\"},\"datePublished\":\"2023-09-27T09:31:34+00:00\",\"breadcrumb\":{\"@id\":\"https:\\\/\\\/muzeum.haus.pl\\\/de\\\/ausstellung\\\/virtuelle-ausstellung-jesderkusch-oder-die-verzwickte-geschichte-oberschlesiens\\\/autorinnen-und-autoren\\\/#breadcrumb\"},\"inLanguage\":\"de\",\"potentialAction\":[{\"@type\":\"ReadAction\",\"target\":[\"https:\\\/\\\/muzeum.haus.pl\\\/de\\\/ausstellung\\\/virtuelle-ausstellung-jesderkusch-oder-die-verzwickte-geschichte-oberschlesiens\\\/autorinnen-und-autoren\\\/\"]}]},{\"@type\":\"BreadcrumbList\",\"@id\":\"https:\\\/\\\/muzeum.haus.pl\\\/de\\\/ausstellung\\\/virtuelle-ausstellung-jesderkusch-oder-die-verzwickte-geschichte-oberschlesiens\\\/autorinnen-und-autoren\\\/#breadcrumb\",\"itemListElement\":[{\"@type\":\"ListItem\",\"position\":1,\"name\":\"Home\",\"item\":\"https:\\\/\\\/muzeum.haus.pl\\\/de\\\/\"},{\"@type\":\"ListItem\",\"position\":2,\"name\":\"ausstellung\",\"item\":\"https:\\\/\\\/muzeum.haus.pl\\\/de\\\/ausstellung\\\/\"},{\"@type\":\"ListItem\",\"position\":3,\"name\":\"Virtuelle Ausstellung: &#8220;Jesderkusch, oder die verzwickte Geschichte Oberschlesiens&#8221;\",\"item\":\"https:\\\/\\\/muzeum.haus.pl\\\/de\\\/ausstellung\\\/virtuelle-ausstellung-jesderkusch-oder-die-verzwickte-geschichte-oberschlesiens\\\/\"},{\"@type\":\"ListItem\",\"position\":4,\"name\":\"Autorinnen und Autoren\"}]},{\"@type\":\"WebSite\",\"@id\":\"https:\\\/\\\/muzeum.haus.pl\\\/de\\\/#website\",\"url\":\"https:\\\/\\\/muzeum.haus.pl\\\/de\\\/\",\"name\":\"Muzeum online Domu Wsp\u00f3\u0142pracy Polsko-Niemieckiej\",\"description\":\"DWPN\",\"potentialAction\":[{\"@type\":\"SearchAction\",\"target\":{\"@type\":\"EntryPoint\",\"urlTemplate\":\"https:\\\/\\\/muzeum.haus.pl\\\/de\\\/?s={search_term_string}\"},\"query-input\":{\"@type\":\"PropertyValueSpecification\",\"valueRequired\":true,\"valueName\":\"search_term_string\"}}],\"inLanguage\":\"de\"}]}<\/script>\n<!-- \/ Yoast SEO plugin. -->","yoast_head_json":{"title":"Autorinnen und Autoren - Muzeum online Domu Wsp\u00f3\u0142pracy Polsko-Niemieckiej","robots":{"index":"index","follow":"follow","max-snippet":"max-snippet:-1","max-image-preview":"max-image-preview:large","max-video-preview":"max-video-preview:-1"},"canonical":"https:\/\/muzeum.haus.pl\/de\/ausstellung\/virtuelle-ausstellung-jesderkusch-oder-die-verzwickte-geschichte-oberschlesiens\/autorinnen-und-autoren\/","og_locale":"de_DE","og_type":"article","og_title":"Autorinnen und Autoren - Muzeum online Domu Wsp\u00f3\u0142pracy Polsko-Niemieckiej","og_url":"https:\/\/muzeum.haus.pl\/de\/ausstellung\/virtuelle-ausstellung-jesderkusch-oder-die-verzwickte-geschichte-oberschlesiens\/autorinnen-und-autoren\/","og_site_name":"Muzeum online Domu Wsp\u00f3\u0142pracy Polsko-Niemieckiej","twitter_card":"summary_large_image","twitter_misc":{"Gesch\u00e4tzte Lesezeit":"1\u00a0Minute"},"schema":{"@context":"https:\/\/schema.org","@graph":[{"@type":"WebPage","@id":"https:\/\/muzeum.haus.pl\/de\/ausstellung\/virtuelle-ausstellung-jesderkusch-oder-die-verzwickte-geschichte-oberschlesiens\/autorinnen-und-autoren\/","url":"https:\/\/muzeum.haus.pl\/de\/ausstellung\/virtuelle-ausstellung-jesderkusch-oder-die-verzwickte-geschichte-oberschlesiens\/autorinnen-und-autoren\/","name":"Autorinnen und Autoren - Muzeum online Domu Wsp\u00f3\u0142pracy Polsko-Niemieckiej","isPartOf":{"@id":"https:\/\/muzeum.haus.pl\/de\/#website"},"datePublished":"2023-09-27T09:31:34+00:00","breadcrumb":{"@id":"https:\/\/muzeum.haus.pl\/de\/ausstellung\/virtuelle-ausstellung-jesderkusch-oder-die-verzwickte-geschichte-oberschlesiens\/autorinnen-und-autoren\/#breadcrumb"},"inLanguage":"de","potentialAction":[{"@type":"ReadAction","target":["https:\/\/muzeum.haus.pl\/de\/ausstellung\/virtuelle-ausstellung-jesderkusch-oder-die-verzwickte-geschichte-oberschlesiens\/autorinnen-und-autoren\/"]}]},{"@type":"BreadcrumbList","@id":"https:\/\/muzeum.haus.pl\/de\/ausstellung\/virtuelle-ausstellung-jesderkusch-oder-die-verzwickte-geschichte-oberschlesiens\/autorinnen-und-autoren\/#breadcrumb","itemListElement":[{"@type":"ListItem","position":1,"name":"Home","item":"https:\/\/muzeum.haus.pl\/de\/"},{"@type":"ListItem","position":2,"name":"ausstellung","item":"https:\/\/muzeum.haus.pl\/de\/ausstellung\/"},{"@type":"ListItem","position":3,"name":"Virtuelle Ausstellung: &#8220;Jesderkusch, oder die verzwickte Geschichte Oberschlesiens&#8221;","item":"https:\/\/muzeum.haus.pl\/de\/ausstellung\/virtuelle-ausstellung-jesderkusch-oder-die-verzwickte-geschichte-oberschlesiens\/"},{"@type":"ListItem","position":4,"name":"Autorinnen und Autoren"}]},{"@type":"WebSite","@id":"https:\/\/muzeum.haus.pl\/de\/#website","url":"https:\/\/muzeum.haus.pl\/de\/","name":"Muzeum online Domu Wsp\u00f3\u0142pracy Polsko-Niemieckiej","description":"DWPN","potentialAction":[{"@type":"SearchAction","target":{"@type":"EntryPoint","urlTemplate":"https:\/\/muzeum.haus.pl\/de\/?s={search_term_string}"},"query-input":{"@type":"PropertyValueSpecification","valueRequired":true,"valueName":"search_term_string"}}],"inLanguage":"de"}]}},"_links":{"self":[{"href":"https:\/\/muzeum.haus.pl\/de\/wp-json\/wp\/v2\/project\/17791","targetHints":{"allow":["GET"]}}],"collection":[{"href":"https:\/\/muzeum.haus.pl\/de\/wp-json\/wp\/v2\/project"}],"about":[{"href":"https:\/\/muzeum.haus.pl\/de\/wp-json\/wp\/v2\/types\/project"}],"author":[{"embeddable":true,"href":"https:\/\/muzeum.haus.pl\/de\/wp-json\/wp\/v2\/users\/2"}],"version-history":[{"count":1,"href":"https:\/\/muzeum.haus.pl\/de\/wp-json\/wp\/v2\/project\/17791\/revisions"}],"predecessor-version":[{"id":17792,"href":"https:\/\/muzeum.haus.pl\/de\/wp-json\/wp\/v2\/project\/17791\/revisions\/17792"}],"up":[{"embeddable":true,"href":"https:\/\/muzeum.haus.pl\/de\/wp-json\/wp\/v2\/project\/17770"}],"wp:attachment":[{"href":"https:\/\/muzeum.haus.pl\/de\/wp-json\/wp\/v2\/media?parent=17791"}],"curies":[{"name":"wp","href":"https:\/\/api.w.org\/{rel}","templated":true}]}}

<div id="cmsmasters_row_bkrqerlwx6" class="cmsmasters_row cmsmasters_color_scheme_default cmsmasters_row_top_default cmsmasters_row_bot_default cmsmasters_row_boxed">
<div class="cmsmasters_row_outer_parent">
<div class="cmsmasters_row_outer">
<div class="cmsmasters_row_inner">
<div class="cmsmasters_row_margin">
<div id="cmsmasters_column_f4duwgmvn" class="cmsmasters_column one_first">
<div class="cmsmasters_column_inner"><div class="cmsmasters_text">
<p style="font-weight: 400;"><strong>Texte:</strong> Monika Rosenbaum</p>
<p style="font-weight: 400;"><strong>Abbildungen:</strong> Darya Hancharova</p>
<p style="font-weight: 400;"><strong>Übersetzung:</strong> Übersetztungsbüro Groy</p>
<p style="font-weight: 400;"><strong>Redaktion in Polnisch:</strong> Magdalena Otlewska, Redakcja bez Błędów</p>
<p style="font-weight: 400;"><strong>Redaktion in Deutsch:</strong> Jan Opielka</p>
</div>
</div></div>
</div>
</div>
</div>
</div>
</div>

<!-- This site is optimized with the Yoast SEO plugin v27.3 - https://yoast.com/product/yoast-seo-wordpress/ -->
<title>Autorinnen und Autoren - Muzeum online Domu Współpracy Polsko-Niemieckiej</title>
<meta name="robots" content="index, follow, max-snippet:-1, max-image-preview:large, max-video-preview:-1" />
<link rel="canonical" href="https://muzeum.haus.pl/de/ausstellung/virtuelle-ausstellung-jesderkusch-oder-die-verzwickte-geschichte-oberschlesiens/autorinnen-und-autoren/" />
<meta property="og:locale" content="de_DE" />
<meta property="og:type" content="article" />
<meta property="og:title" content="Autorinnen und Autoren - Muzeum online Domu Współpracy Polsko-Niemieckiej" />
<meta property="og:url" content="https://muzeum.haus.pl/de/ausstellung/virtuelle-ausstellung-jesderkusch-oder-die-verzwickte-geschichte-oberschlesiens/autorinnen-und-autoren/" />
<meta property="og:site_name" content="Muzeum online Domu Współpracy Polsko-Niemieckiej" />
<meta name="twitter:card" content="summary_large_image" />
<meta name="twitter:label1" content="Geschätzte Lesezeit" />
	<meta name="twitter:data1" content="1 Minute" />
<script type="application/ld+json" class="yoast-schema-graph">{"@context":"https:\/\/schema.org","@graph":[{"@type":"WebPage","@id":"https:\/\/muzeum.haus.pl\/de\/ausstellung\/virtuelle-ausstellung-jesderkusch-oder-die-verzwickte-geschichte-oberschlesiens\/autorinnen-und-autoren\/","url":"https:\/\/muzeum.haus.pl\/de\/ausstellung\/virtuelle-ausstellung-jesderkusch-oder-die-verzwickte-geschichte-oberschlesiens\/autorinnen-und-autoren\/","name":"Autorinnen und Autoren - Muzeum online Domu Współpracy Polsko-Niemieckiej","isPartOf":{"@id":"https:\/\/muzeum.haus.pl\/de\/#website"},"datePublished":"2023-09-27T09:31:34+00:00","breadcrumb":{"@id":"https:\/\/muzeum.haus.pl\/de\/ausstellung\/virtuelle-ausstellung-jesderkusch-oder-die-verzwickte-geschichte-oberschlesiens\/autorinnen-und-autoren\/#breadcrumb"},"inLanguage":"de","potentialAction":[{"@type":"ReadAction","target":["https:\/\/muzeum.haus.pl\/de\/ausstellung\/virtuelle-ausstellung-jesderkusch-oder-die-verzwickte-geschichte-oberschlesiens\/autorinnen-und-autoren\/"]}]},{"@type":"BreadcrumbList","@id":"https:\/\/muzeum.haus.pl\/de\/ausstellung\/virtuelle-ausstellung-jesderkusch-oder-die-verzwickte-geschichte-oberschlesiens\/autorinnen-und-autoren\/#breadcrumb","itemListElement":[{"@type":"ListItem","position":1,"name":"Home","item":"https:\/\/muzeum.haus.pl\/de\/"},{"@type":"ListItem","position":2,"name":"ausstellung","item":"https:\/\/muzeum.haus.pl\/de\/ausstellung\/"},{"@type":"ListItem","position":3,"name":"Virtuelle Ausstellung: &#8220;Jesderkusch, oder die verzwickte Geschichte Oberschlesiens&#8221;","item":"https:\/\/muzeum.haus.pl\/de\/ausstellung\/virtuelle-ausstellung-jesderkusch-oder-die-verzwickte-geschichte-oberschlesiens\/"},{"@type":"ListItem","position":4,"name":"Autorinnen und Autoren"}]},{"@type":"WebSite","@id":"https:\/\/muzeum.haus.pl\/de\/#website","url":"https:\/\/muzeum.haus.pl\/de\/","name":"Muzeum online Domu Współpracy Polsko-Niemieckiej","description":"DWPN","potentialAction":[{"@type":"SearchAction","target":{"@type":"EntryPoint","urlTemplate":"https:\/\/muzeum.haus.pl\/de\/?s={search_term_string}"},"query-input":{"@type":"PropertyValueSpecification","valueRequired":true,"valueName":"search_term_string"}}],"inLanguage":"de"}]}</script>
<!-- / Yoast SEO plugin. -->

Autorinnen und Autoren - Muzeum online Domu Współpracy Polsko-Niemieckiej

Muzeum online Domu Współpracy Polsko-Niemieckiej
